{"id":804,"date":"2024-08-02T19:27:06","date_gmt":"2024-08-02T22:27:06","guid":{"rendered":"https:\/\/cosmeticactiva.com.ar\/ecomerce\/?post_type=product&#038;p=804"},"modified":"2024-12-04T19:53:38","modified_gmt":"2024-12-04T22:53:38","slug":"punto-de-venta","status":"publish","type":"product","link":"https:\/\/cosmeticactiva.com.ar\/ecomerce\/producto\/punto-de-venta\/","title":{"rendered":"C\u00d3MO MEJORAR MI PUNTO DE VENTA"},"content":{"rendered":"<p>[et_pb_section fb_built=&#8221;1&#8243; _builder_version=&#8221;4.16&#8243; custom_padding=&#8221;0px||||false|false&#8221; global_colors_info=&#8221;{}&#8221;][et_pb_row _builder_version=&#8221;4.21.0&#8243; background_size=&#8221;initial&#8221; background_position=&#8221;top_left&#8221; background_repeat=&#8221;repeat&#8221; width=&#8221;100%&#8221; custom_padding=&#8221;0px||0px||false|false&#8221; global_colors_info=&#8221;{}&#8221;][et_pb_column type=&#8221;4_4&#8243; _builder_version=&#8221;4.16&#8243; custom_padding=&#8221;|||&#8221; global_colors_info=&#8221;{}&#8221; custom_padding__hover=&#8221;|||&#8221;][et_pb_wc_cart_notice _builder_version=&#8221;4.21.0&#8243; background_color=&#8221;#51895e&#8221; use_background_color_gradient=&#8221;on&#8221; background_color_gradient_stops=&#8221;#51895e 0%|#29c4a9 100%&#8221; global_colors_info=&#8221;{}&#8221;][\/et_pb_wc_cart_notice][\/et_pb_column][\/et_pb_row][et_pb_row column_structure=&#8221;1_2,1_2&#8243; _builder_version=&#8221;4.16&#8243; background_size=&#8221;initial&#8221; background_position=&#8221;top_left&#8221; background_repeat=&#8221;repeat&#8221; width=&#8221;100%&#8221; custom_padding=&#8221;0px||||false|false&#8221; global_colors_info=&#8221;{}&#8221;][et_pb_column type=&#8221;1_2&#8243; _builder_version=&#8221;4.16&#8243; custom_padding=&#8221;|||&#8221; global_colors_info=&#8221;{}&#8221; custom_padding__hover=&#8221;|||&#8221;][et_pb_wc_images show_sale_badge=&#8221;off&#8221; _builder_version=&#8221;4.21.0&#8243; border_radii_image=&#8221;on|20px|20px|20px|20px&#8221; box_shadow_style=&#8221;preset1&#8243; box_shadow_color=&#8221;rgba(99,99,99,0)&#8221; global_colors_info=&#8221;{}&#8221;][\/et_pb_wc_images][\/et_pb_column][et_pb_column type=&#8221;1_2&#8243; _builder_version=&#8221;4.16&#8243; custom_padding=&#8221;|||&#8221; global_colors_info=&#8221;{}&#8221; custom_padding__hover=&#8221;|||&#8221;][et_pb_wc_title _builder_version=&#8221;4.21.0&#8243; global_colors_info=&#8221;{}&#8221;][\/et_pb_wc_title][et_pb_wc_price _builder_version=&#8221;4.21.0&#8243; body_text_color=&#8221;#51895e&#8221; global_colors_info=&#8221;{}&#8221;][\/et_pb_wc_price][et_pb_wc_description _builder_version=&#8221;4.20.1&#8243; global_colors_info=&#8221;{}&#8221;][\/et_pb_wc_description][et_pb_wc_add_to_cart _builder_version=&#8221;4.21.0&#8243; custom_button=&#8221;on&#8221; button_text_color=&#8221;#51895e&#8221; global_colors_info=&#8221;{}&#8221;][\/et_pb_wc_add_to_cart][et_pb_wc_meta _builder_version=&#8221;4.21.0&#8243; global_colors_info=&#8221;{}&#8221;][\/et_pb_wc_meta][et_pb_button button_url=&#8221;https:\/\/cosmeticactiva.com.ar\/ecomerce&#8221; button_text=&#8221;Comprar m\u00e1s actividades del Congreso&#8221; button_alignment=&#8221;center&#8221; _builder_version=&#8221;4.21.0&#8243; _module_preset=&#8221;default&#8221; custom_button=&#8221;on&#8221; button_text_color=&#8221;#51895e&#8221; global_colors_info=&#8221;{}&#8221;][\/et_pb_button][\/et_pb_column][\/et_pb_row][et_pb_row _builder_version=&#8221;4.16&#8243; background_size=&#8221;initial&#8221; background_position=&#8221;top_left&#8221; background_repeat=&#8221;repeat&#8221; width=&#8221;100%&#8221; global_colors_info=&#8221;{}&#8221;][et_pb_column type=&#8221;4_4&#8243; _builder_version=&#8221;4.16&#8243; custom_padding=&#8221;|||&#8221; global_colors_info=&#8221;{}&#8221; custom_padding__hover=&#8221;|||&#8221;][et_pb_wc_tabs active_tab_background_color=&#8221;#51895e&#8221; inactive_tab_background_color=&#8221;#348255&#8243; active_tab_text_color=&#8221;#FFFFFF&#8221; _builder_version=&#8221;4.21.0&#8243; tab_text_color=&#8221;#51895e&#8221; background_enable_color=&#8221;off&#8221; border_color_all=&#8221;#51895e&#8221; box_shadow_style=&#8221;preset2&#8243; global_colors_info=&#8221;{}&#8221;] [\/et_pb_wc_tabs][et_pb_wc_upsells _builder_version=&#8221;4.16&#8243; global_colors_info=&#8221;{}&#8221;][\/et_pb_wc_upsells][et_pb_wc_related_products sale_badge_color=&#8221;RGBA(255,255,255,0)&#8221; icon_hover_color=&#8221;rgba(255,255,255,0)&#8221; hover_overlay_color=&#8221;RGBA(255,255,255,0)&#8221; show_rating=&#8221;off&#8221; show_sale_badge=&#8221;off&#8221; _builder_version=&#8221;4.20.1&#8243; sale_badge_text_color=&#8221;RGBA(255,255,255,0)&#8221; border_radii_image=&#8221;on|20px|20px|20px|20px&#8221; box_shadow_style_image=&#8221;preset1&#8243; global_colors_info=&#8221;{}&#8221;][\/et_pb_wc_related_products][\/et_pb_column][\/et_pb_row][\/et_pb_section]<\/p>\n","protected":false},"excerpt":{"rendered":"<p><strong>S\u00c1BADO 30 DE NOVIEMBRE<\/strong><\/p>\n<p><strong>16:30 HS.<\/strong><\/p>\n<p>Las \u00faltimas innovaciones en desarrollo de nuevos layouts para impulsar las ventas en el sal\u00f3n y el secreto de mejorar la exhibici\u00f3n por categor\u00edas.<\/p>\n","protected":false},"featured_media":836,"template":"","meta":{"_et_pb_use_builder":"on","_et_pb_old_content":"<p style=\"font-weight: 400\">SABADO 16:30hs.<\/p>\r\n<p style=\"font-weight: 400\"><strong>C\u00d3MO MEJORAR MI PUNTO DE VENTA<\/strong><\/p>\r\n<p style=\"font-weight: 400\">Las \u00faltimas innovaciones en desarrollo de nuevos layouts para impulsar las ventas en el sal\u00f3n y el secreto de mejorar la exhibici\u00f3n por categor\u00edas.<\/p>\r\n<p style=\"font-weight: 400\"><strong>Pl\u00e1cido Cosentino<\/strong><\/p>","_et_gb_content_width":"","_joinchat":[]},"product_cat":[22,19],"product_tag":[],"class_list":["post-804","product","type-product","status-publish","has-post-thumbnail","hentry","product_cat-conferencia","product_cat-congreso"],"_links":{"self":[{"href":"https:\/\/cosmeticactiva.com.ar\/ecomerce\/wp-json\/wp\/v2\/product\/804","targetHints":{"allow":["GET"]}}],"collection":[{"href":"https:\/\/cosmeticactiva.com.ar\/ecomerce\/wp-json\/wp\/v2\/product"}],"about":[{"href":"https:\/\/cosmeticactiva.com.ar\/ecomerce\/wp-json\/wp\/v2\/types\/product"}],"wp:featuredmedia":[{"embeddable":true,"href":"https:\/\/cosmeticactiva.com.ar\/ecomerce\/wp-json\/wp\/v2\/media\/836"}],"wp:attachment":[{"href":"https:\/\/cosmeticactiva.com.ar\/ecomerce\/wp-json\/wp\/v2\/media?parent=804"}],"wp:term":[{"taxonomy":"product_cat","embeddable":true,"href":"https:\/\/cosmeticactiva.com.ar\/ecomerce\/wp-json\/wp\/v2\/product_cat?post=804"},{"taxonomy":"product_tag","embeddable":true,"href":"https:\/\/cosmeticactiva.com.ar\/ecomerce\/wp-json\/wp\/v2\/product_tag?post=804"}],"curies":[{"name":"wp","href":"https:\/\/api.w.org\/{rel}","templated":true}]}}